factors of s?
11
Suppose -n = 2*n - 21. Let f = n + -5. List the prime factors of 2 - (1 - (f - 0)).
3
Let c(y) = -y**3 + 3*y**2 - y + 1. Let p be c(2). Let t be (6/9)/((-1)/p). What are the prime factors of ((-1)/t)/((-4)/(-16))?
2
Let n = 225 + -117. What are the prime factors of n?
2, 3
Let j(i) = -i**3 - i**2 + 6. Let w be j(0). Let f be (w/(-4))/((-9)/(-12)). List the prime factors of (-21)/f*14/21.
7
Let r = 12 - 8. List the prime factors of r.
2
Let s(a) = 4*a**2 + 1. Let r(i) = i**2 + 11*i + 12. Let h be r(-10). List the prime factors of s(h).
17
Suppose 0 = 2*f + 3 - 19. List the prime factors of f/(((-3)/9)/(-1)).
2, 3
Let w(h) = -4*h + 3. Let v be w(3). Let i = 14 + v. Suppose 5*f + 11 = i*x - 14, -5*x - 3*f + 1 = 0. List the prime factors of x.
2
Suppose -5*t + 6*k = 3*k - 340, t - 68 = -4*k. Let g be (-3)/2 - t/8. List the prime factors of (-6)/(-4)*g/(-3).
5
Let i(u) be the third derivative of u**6/120 - u**5/15 + u**4/8 + u**3/3 - 3*u**2. List the prime factors of i(3).
2
Suppose 0*t = -4*t - 24. Let a = t - 3. What are the prime factors of (-4)/(4/(-3)) - a?
2, 3
Let r = 5 - 1. Suppose 0 = 2*o + y - 4, -y = -4 - 0. Suppose n - r*l - 10 - 18 = o, -5*n = l - 56. List the prime factors of n.
2, 3
What are the prime factors of 1/3*(480 - -3)?
7, 23
What are the prime factors of (606/(-18))/(1/(-3))?
101
Suppose -3*r + 3*y + 64 = -y, 0 = 4*r - 2*y - 72. What are the prime factors of r?
2
Let y = 1 - -1. Let x be 1/y + 1/2. Let w = x + 8. List the prime factors of w.
3
Suppose 3*x - 2*g + 37 = 0, 0*x - 2*x - 5*g = 12. Let m = x - -61. Suppose -5*c + m = -0*c. What are the prime factors of c?
2, 5
Let v be 9/(-36) - 1/(-4). Suppose v = -7*q + 4*q - 6. List the prime factors of (-3)/q*112/12.
2, 7
Let o(b) = b**3 + 3*b**2 - 2*b - 2. Suppose -2 = -4*h + g - 0, 3 = -h + 2*g. Let y be h - (3 - 2 - -2). List the prime factors of o(y).
2, 3
Suppose 18 = 4*u - 3*u. Suppose 2*f = -5*w + 3*w + 10, -3*w = -9. Let x = u - f. What are the prime factors of x?
2
Let m(w) = -2*w - 3. Let z be m(-4). Let p(a) = 4*a - 2. What are the prime factors of p(z)?
2, 3
Suppose -3*z = -4*k - 6, -2 = -4*z - 10. Let c be (k - -5)/(-2)*-12. Let u = c + -4. List the prime factors of u.
2
Suppose -5*j - 5*o = -935, -2*j + o + 573 = j. List the prime factors of j.
2, 5, 19
Let u(v) = -v**2 - 9*v - 3. Let l = -10 + 4. Let w be u(l). What are the prime factors of (w/6)/(1/2)?
5
Let s(g) = -7*g**2 + 1. Let y(n) = 3*n**2. Let u(q) = -4*s(q) - 9*y(q). Let k(m) = m + 2. Let d be k(-6). What are the prime factors of u(d)?
2, 3
Let d(f) = 12*f**3 + 17*f + 14. Let x(u) = 4*u**3 + 6*u + 5. Let s(t) = -4*d(t) + 11*x(t). What are the prime factors of s(-1)?
5
Let q be (-1)/(-2) + 1/(-2). Suppose 74 = 2*j - q*j. List the prime factors of j.
37
List the prime factors of (2/(-3))/((-44)/7458).
113
Let d = -602 - -859. List the prime factors of d.
257
Suppose -2*a + z = -3, 2*a = -5*z - 0*z + 9. Let m = a - 0. List the prime factors of 13/1 - 2 - m.
3
Let h = 7 - 4. Suppose 4*o - 2*u - 6 = 0, -20 = -2*o - 3*u + h. Suppose 75 = g + o*g. List the prime factors of g.
3, 5
Let n be 2*1*(8 + 3). Suppose -n = -i - 6. List the prime factors of i.
2
Let z(j) = -j**2 - 12*j - 7. Let o be z(-10). Suppose -u + o = -2*n - 0*n, 48 = u + 5*n. List the prime factors of u.
23
Let y be 0/2 + (-99)/(-3). Suppose -g - 10 = -y. What are the prime factors of g?
23
Let s(o) = 33*o**2. List the prime factors of s(1).
3, 11
Let c = -1 + 2. Let x = c + 15. List the prime factors of x.
2
Suppose -20 = -3*c - 5*v, 3*c = 4*c + v - 6. Suppose -4*k - 78 = -c*d, 4*d - 50 = -k - 2*k. What are the prime factors of d?
2, 7
Suppose -173 = -6*w + 121. List the prime factors of w.
7
Suppose 2*o - 5*i - 193 = 0, 5*o - 476 = 2*i - 25. Let j = o - 58. List the prime factors of j.
31
Let v(j) = 10*j**2 + j + 4. List the prime factors of v(-3).
7, 13
Let u(r) = -r + 5. Let x be u(9). Let i be -8*-19*(-2)/x. Suppose -33 = -3*q + 2*o, 5*q - o - i + 21 = 0. What are the prime factors of q?
11
Let x = 42 + -2. Suppose -i + 6*i = x. List the prime factors of i.
2
Let b = -228 + 123. List the prime factors of (-4 - -2)/(14/b).
3, 5
Let z = -31 + 45. List the prime factors of z.
2, 7
Suppose -5*x - 3*t + 15 + 7 = 0, x - 2*t + 6 = 0. Suppose -2*c + 16 = 4*p, 0 = -2*p - c - x*c. Suppose -p*b + 15 = -3*b. What are the prime factors of b?
5
Let o = 7 + -5. Suppose -22 = -4*h - o. Let q = h - -4. What are the prime factors of q?
3
Let r(z) = -z + 5. Let g be r(5). Suppose -4*m + 5*u + 25 = g, -m - 11 = -3*m + 3*u. List the prime factors of m.
2, 5
Suppose 3*v - v = -3*y + 195, 0 = 3*v - 3*y - 285. Suppose v = 2*k + 2*k. Suppose -2*j = -k - 0. List the prime factors of j.
2, 3
Let q be 12/(-54) + (-58)/(-18). Suppose 0 = -q*y - i - 2*i + 27, -5*y + 5*i + 5 = 0. Suppose -3*z - 6 = -y*z. List the prime factors of z.
3
Suppose 0 = -4*b + 4 + 12, -36 = -k - 3*b. Let m = k - -5. What are the prime factors of m?
29
Suppose -w - 5 = 4*w. What are the prime factors of w - (4 + (2 - 11))?
2
Let v = -11 - -5. What are the prime factors of (-2 - v)/((-1)/(-12))?
2, 3
Suppose 0*d + 72 = 4*d. Suppose d = -3*s + s. What are the prime factors of 12/(-10)*30/s?
2
Let m = 0 + -2. Let v be (-3)/m*8/6. Suppose -v*u + 4*y = 2*u - 24, -18 = -3*u + 5*y. What are the prime factors of u?
2, 3
Suppose o = 3*o - 5*h - 20, o - 5*h - 20 = 0. Let q = 18 - 6. Suppose a - q = -o. List the prime factors of a.
2, 3
Let p be (-2)/4*(-77 + 5). Suppose 3*n = 3*u + u + 27, 4*n - p = u. List the prime factors of n.
3
Suppose -8 = -4*r + 8*r. Let m = -7 + r. Let t = m - -19. List the prime factors of t.
2, 5
Let l = -16 - -24. Suppose -5*j = 5*g - 10, -5*g - 18 = -j + l. List the prime factors of j.
2, 3
Suppose -9*o - 36 = -13*o. List the prime factors of o.
3
Suppose -2*f + 1 = -7. List the prime factors of f.
2
Let v = -445 + 669. List the prime factors of v.
2, 7
Let m = 13 + -30. Let o = 35 + m. What are the prime factors of o?
2, 3
Let v = -25 - -37. Let x = v - 7. Suppose -x*y - 24 = -4*i, i = 3*i + 3*y - 12. List the prime factors of i.
2, 3
Suppose -4*f = -5*c - 28, 0 = c + 3*f - f. Let i(d) = 7*d - 9*d - 3*d - d**2. List the prime factors of i(c).
2
Suppose 0 = 5*j - 4*p + 15 - 43, 5*p = -10. What are the prime factors of j?
2
Let y(s) = -s**2 - 3*s + 235. What are the prime factors of y(0)?
5, 47
Suppose 58 - 663 = -11*s. What are the prime factors of s?
5, 11
Let k(v) = -v**3 - 5*v**2 + 2. Let b be k(-5). Suppose 0*w = -b*w + 40. Suppose -w = 2*q - 4*q. What are the prime factors of q?
2, 5
Suppose -5*p + 115 = -1445. List the prime factors of p.
2, 3, 13
Let l(r) = -2*r**2 - 46*r - 27. List the prime factors of l(-19).
5
Let j be 6*(-1 + 3/2). Suppose 0 = 2*d, 4*w = -j*d + d + 32. What are the prime factors of w?
2
Suppose 2*c + d + 15 = -2*d, -10 = 2*c + 2*d. Let k(p) = -p + 2 - 4 + c + 6. List the prime factors of k(-7).
11
Let p = 8 - 12. What are the prime factors of (-6)/(-9) + p/(-3)?
2
Let g be 1 - (-4 - (3 + -3)). Suppose 20 = -0*t + g*t. Suppose -q = t*q - 60. What are the prime factors of q?
2, 3
Let d be ((-2)/6)/((-3)/18). Let n(r) = 2*r - 10. Let u(i) = -i + 3. Let l(q) = -2*n(q) - 7*u(q). List the prime factors of l(d).
5
Let l(f) = 5*f**2 - 2*f - 2. List the prime factors of l(-1).
5
Let s(f) = 2*f**2 + f - 1. Let k(t) = -t**2 - 2. Let w be k(0). Let b be (1 + w)/(1/2). What are the prime factors of s(b)?
5
Let b(g) = g**3 + 4*g**2 + 4*g + 3. Let n be b(-3). Suppose n*u + 28 = 2*u. Let z = u - 1. What are the prime factors of z?
13
Suppose 2*i + 0*z - 4*z = 16, 2*i - z - 13 = 0. What are the prime factors of ((-3)/i)/(1/(-20))?
2, 5
Let y = -2 - -2. Suppose 14*v - 12*v - 32 = y. What are the prime factors of v?
2
Let h(k) = -7*k**2 - 2*k + 3. Let f(z) = -13*z**2 - 4*z + 6. Let p(r) = r - 6. Let o be p(0). Let l(y) = o*f(y) + 11*h(y). List the prime factors of l(3).
2, 3
Let b = 54 - 34. List the prime factors of b.
2, 5
Let i(h) = 10*h + 2. Let k be i(7). Suppose 4*b = b + k. Let f = b + -16. List the prime factors of f.
2
Let g = 64 + -25. What are the prime factors of g?
3, 13
Suppose 2*s + 1 = 3. Let v be 2/s + -4 - -5. Suppose -v*a + 3 = -3*d, -a = -2*a + 3. List the prime factors of d.
2
What are the prime factors of 632/(8/2) - 2?
2, 3